{"id":2,"date":"2011-09-16T13:19:31","date_gmt":"2011-09-16T13:19:31","guid":{"rendered":"http:\/\/www.bruske.de\/blog\/?page_id=2"},"modified":"2022-12-11T19:38:41","modified_gmt":"2022-12-11T18:38:41","slug":"abi92","status":"publish","type":"page","link":"https:\/\/www.bruske.de\/blog\/abi92\/","title":{"rendered":"Abi92"},"content":{"rendered":"<p>Unvergessliche Zeiten im April 1992 am Kreisgymnasium Halle:<\/p>\n<blockquote>\n<p>Jetzt tanzen alle Puppen&#8230;<\/p>\n<\/blockquote>\n<blockquote>\n<p>&#8230;bis der Schuppen wackelt und zusammenbricht!<\/p>\n<\/blockquote>\n<p>Knapp 100 Sch\u00fcler feiern damals ihre Hochschulreife.<\/p>\n<ul>\n<li><a href=\"https:\/\/www.bruske.de\/blog\/abi92\/0-jahre\/\">1992<\/a><\/li>\n<\/ul>\n<p>Und das wollen sie auch danach. Wir trafen uns bereits<\/p>\n<ul>\n<li><a href=\"https:\/\/www.bruske.de\/blog\/abi92\/5-jahre\/\">1997<\/a> (5 Jahre)<\/li>\n<li><a href=\"https:\/\/www.bruske.de\/blog\/abi92\/10-jahre\/\">2002<\/a> (10 Jahre)<\/li>\n<li><a href=\"https:\/\/www.bruske.de\/blog\/abi92\/20-jahre\/\">2012<\/a> (20 Jahre)<\/li>\n<li><a href=\"https:\/\/www.bruske.de\/blog\/abi92\/25-jahre\/\">2017<\/a> (25 Jahre)<\/li>\n<li><a href=\"https:\/\/www.bruske.de\/blog\/abi92\/30-jahre\/\">2022<\/a> (30 Jahre)<\/li>\n<\/ul>\n<p>Ich sammle hier f\u00fcr Interessierte alle Informationen, Bilder, etc. von damals und von heute, mit dem Ziel den Kontakt weiter zu pflegen.<\/p>\n<p>Aus pers\u00f6nlichkeitsrechtlichen Gr\u00fcnden sind die Seiten passwortgesch\u00fctzt. Das Passwort wurde an alle bekannten Adressen verteilt. Wer es nicht bekommen hat, kann es bei mir anfordern.<\/p>\n<p>Vielen Dank an die vielen Organisatoren,.u.a. Babsy, Ulrike, Stephie, Sahira, Anja &amp; Dietrich<\/p>\n\n\n<div class=\"_df_book df-lite\" id=\"df_354\"  _slug=\"abizeitung\" data-title=\"geschuetzt-abizeitung\" wpoptions=\"true\" thumbtype=\"\" ><\/div><script class=\"df-shortcode-script\" nowprocket type=\"application\/javascript\">window.option_df_354 = {\"outline\":[],\"autoEnableOutline\":\"false\",\"autoEnableThumbnail\":\"false\",\"overwritePDFOutline\":\"false\",\"direction\":\"1\",\"pageSize\":\"0\",\"source\":\"https:\\\/\\\/www.bruske.de\\\/blog\\\/wp-content\\\/uploads\\\/2022\\\/10\\\/Abizeitung_1992_ocr.pdf\",\"wpOptions\":\"true\"}; if(window.DFLIP && window.DFLIP.parseBooks){window.DFLIP.parseBooks();}<\/script>\n","protected":false},"excerpt":{"rendered":"<p>Unvergessliche Zeiten im April 1992 am Kreisgymnasium Halle: Jetzt tanzen alle Puppen&#8230; &#8230;bis der Schuppen wackelt und zusammenbricht! Knapp 100 Sch\u00fcler feiern damals ihre Hochschulreife. 1992 Und das wollen sie auch danach. Wir trafen uns bereits 1997 (5 Jahre) 2002 &hellip; <a href=\"https:\/\/www.bruske.de\/blog\/abi92\/\">Weiterlesen <span class=\"meta-nav\">&rarr;<\/span><\/a><\/p>\n","protected":false},"author":1,"featured_media":66,"parent":0,"menu_order":0,"comment_status":"open","ping_status":"open","template":"","meta":{"footnotes":""},"class_list":["post-2","page","type-page","status-publish","has-post-thumbnail","hentry"],"_links":{"self":[{"href":"https:\/\/www.bruske.de\/blog\/wp-json\/wp\/v2\/pages\/2","targetHints":{"allow":["GET"]}}],"collection":[{"href":"https:\/\/www.bruske.de\/blog\/wp-json\/wp\/v2\/pages"}],"about":[{"href":"https:\/\/www.bruske.de\/blog\/wp-json\/wp\/v2\/types\/page"}],"author":[{"embeddable":true,"href":"https:\/\/www.bruske.de\/blog\/wp-json\/wp\/v2\/users\/1"}],"replies":[{"embeddable":true,"href":"https:\/\/www.bruske.de\/blog\/wp-json\/wp\/v2\/comments?post=2"}],"version-history":[{"count":8,"href":"https:\/\/www.bruske.de\/blog\/wp-json\/wp\/v2\/pages\/2\/revisions"}],"predecessor-version":[{"id":590,"href":"https:\/\/www.bruske.de\/blog\/wp-json\/wp\/v2\/pages\/2\/revisions\/590"}],"wp:featuredmedia":[{"embeddable":true,"href":"https:\/\/www.bruske.de\/blog\/wp-json\/wp\/v2\/media\/66"}],"wp:attachment":[{"href":"https:\/\/www.bruske.de\/blog\/wp-json\/wp\/v2\/media?parent=2"}],"curies":[{"name":"wp","href":"https:\/\/api.w.org\/{rel}","templated":true}]}}